derivative of -4*j - 1 - 3*j**2 + 1/3*j**3. What is the units digit of l(7)?
3
Suppose -2*h - 60 = -4*h. What is the tens digit of h?
3
Let a be 2/2 + 5 + 0. Let k(z) = -z**3 + 7*z**2 - 5*z + 8. What is the tens digit of k(a)?
1
Let n(b) = 9*b + 18. What is the units digit of n(7)?
1
Let s = 23 - -19. What is the units digit of s?
2
Let c = -2 + 5. Let z(o) = -o**3 + 8*o**2 - 7*o + 3. Let d be z(7). Suppose -d*w + 27 + c = 0. What is the units digit of w?
0
Let d(t) = 5*t**2 + t - 3. What is the tens digit of d(-2)?
1
Suppose 0 = -5*c - 0*k + 5*k + 530, 0 = -2*k. What is the units digit of c?
6
Let o be ((-18)/12)/(1/(-12)). Let g = -9 + o. What is the units digit of g?
9
Suppose l + 4*y = -10, y + 5 = -0*l + l. Suppose -3 = -l*z + 3*z, 0 = -4*p - 3*z + 15. What is the units digit of p?
6
Suppose -4 = -2*j + 6. Suppose 0*n - 5*n + 2*d + 4 = 0, 15 = j*d. What is the units digit of n?
2
Suppose 0 = -3*y + 7*y. Suppose f + y + 15 = 0. What is the units digit of f/9*6/(-2)?
5
Let f(m) = -m**3 - 5*m**2 + 7*m + 8. Let x be f(-6). Let r = x - -8. What is the tens digit of r?
1
Suppose -m = -2*m + 32. Let l be 32/6 + (-4)/(-6). Suppose l*f - 2*f = m. What is the units digit of f?
8
Let w = 174 - 100. What is the units digit of w?
4
Let t(o) = -o**2 + 23*o - 10. What is the units digit of t(13)?
0
Let t(o) be the first derivative of -o**5/60 - o**4/4 - o**3 - 2. Let g(h) be the third derivative of t(h). What is the units digit of g(-5)?
4
Let f(v) = -v - 4. Let q = 11 + -18. What is the units digit of f(q)?
3
Let j = 33 - 2. What is the tens digit of j?
3
Let v = -123 - -127. What is the units digit of v?
4
Let z be (-5 + -5)/(-2*1). Let a = z + 12. What is the units digit of a?
7
Let z be -2 - -2*1 - -1. Let g = z - 0. What is the units digit of g + 4 + 6/(-3)?
3
Let c be (-2)/(-9) - (-224)/126. Let n be 100/8*(-4)/(-5). Suppose c*z - n = -3*z. What is the units digit of z?
2
Let s = 3 - 3. Suppose 3*b - b = s. Let i = 9 + b. What is the units digit of i?
9
Let l(d) = 242*d + 4. What is the tens digit of l(1)?
4
Let v(g) = 6*g**2 - 4. What is the tens digit of v(-3)?
5
Let h(f) = f**2 + 1. Let o be h(1). Suppose 0 = o*k - 20. What is the tens digit of k?
1
Let m = 219 - 58. What is the hundreds digit of m?
1
Let a = 3 - -6. Let x(u) = -u**3 + 10*u**2 - 7*u - 12. What is the units digit of x(a)?
6
Let p be (-6)/(-24) + (-7)/(-4). Suppose -p*v - z + 13 = -10, 2*z = v - 4. What is the tens digit of v?
1
Let i be (-2 - -14)*(-10)/(-4). Let w = -8 + i. Suppose d = 5*k - 10*k + 78, k - 3*d - w = 0. What is the units digit of k?
6
Suppose 5*j - 20 = 0, -2*j = -b - 0*j - 6. Suppose 12 = -b*h + h. What is the units digit of (-6)/(-4)*h/(-18)?
1
Let c be 20/3*6/4. What is the units digit of 8/(-6)*(-225)/c?
0
Let n = -23 - -6. Let y = n - -53. What is the tens digit of y?
3
Let v(h) = h**2 + 9*h - 2. Let a be v(-9). Let k(n) = 4*n**2 + n + 2. What is the tens digit of k(a)?
1
Let q be 2 + (168/2 - 2). Let c be 2/(-4) - q/(-8). What is the tens digit of 117/7 + c/35?
1
Suppose 4*l - z = l - 1, 5*l - 3 = 4*z. Let p = l - -2. What is the units digit of p?
1
Let i(m) = 2*m - 4. Let x be i(6). Let t = -32 + x. Let s = 38 + t. What is the units digit of s?
4
Let b(q) = -2 + 2*q - 3*q + 3. Let v = -14 + 7. What is the units digit of b(v)?
8
Let a(m) = -3*m - 12. Let o be a(-5). Suppose -9*c + 54 = -o*c. What is the units digit of c?
9
Let k(b) be the second derivative of -b**4/6 - 2*b**3/3 - b**2 + b. Let r be k(-2). What is the units digit of 2 - (-3)/6*r?
1
Let f(c) = 7*c**3 - 3*c**2 + c + 3. What is the tens digit of f(2)?
4
Let d(q) = 19*q**2 + 5*q - 5. Let j be d(2). Let m = j - 57. What is the tens digit of m?
2
Let i(g) = -g**2 + 3*g - 2. Let l be i(2). Suppose -3*o + 0*o - 1 = -m, 3*o = 0. Let u = m + l. What is the units digit of u?
1
Let l = 225 + -109. What is the units digit of l?
6
Let d(z) = -2*z**2 + 4*z + 3. Let g(h) = -h**2 + h + 1. Let l(x) = d(x) - 3*g(x). Let y = 5 - 8. What is the units digit of l(y)?
6
Let p = 19 - -36. Suppose 6*x = 11 + p. What is the tens digit of x?
1
Suppose 2*y - 248 = -2*y. What is the tens digit of y?
6
Let g = 18 + 2. Let c = 35 - g. What is the units digit of c?
5
Let s(h) = 2*h + 6. What is the tens digit of s(12)?
3
Suppose -2*b = 3*l - 0*b - 21, -5*l - 4*b = -33. Suppose -2*t = -t - l. What is the units digit of t?
9
Let j = 11 - 10. What is the units digit of (-12)/3*(0 - j)?
4
Let g(x) = 12*x + 12. Let u(n) = -3*n - 3. Let a(p) = 2*g(p) + 9*u(p). What is the units digit of a(-2)?
3
Let p = -5 + 6. Let h be (-1 - p)*1/2. What is the units digit of (-2)/(-4)*(h + 3)?
1
Let n = -100 + 141. Let f(r) = 6*r**2 + r. Let a be f(-1). Suppose a*b - n = p - 2*p, 2*b = p + 22. What is the units digit of b?
9
Suppose 0 = -d + 3*a - 5*a + 122, 5*d - 584 = 3*a. What is the units digit of d?
8
Suppose 5*v - 2*z - 683 = 0, -5*z + 39 = v - 76. What is the hundreds digit of v?
1
Suppose 5*v = 2*n - 6, 5*v + 3*n - 6*n + 4 = 0. Let d be (15/(-6))/(1/v). Suppose d*t - 9 + 3 = -m, 4*t = 0. What is the units digit of m?
6
Let p(t) = 11 - t + t**3 + 0*t**3 + 2*t - 2*t**3. What is the tens digit of p(0)?
1
Suppose 3*b - 16 = b. What is the units digit of b?
8
Let o(b) = b**2 - b - 3. Let l = 8 + -4. What is the units digit of o(l)?
9
What is the tens digit of 48/2*1 + 1?
2
Let l be (-202)/(-8) - (-1)/(-4). Suppose -2*x = 3*x - l. Suppose -h + x*u + 13 = 0, -30 = -3*h - h - 2*u. What is the units digit of h?
8
Let f = 8 - 4. Suppose 0*a + 20 = f*a. Suppose 3*r - 1 + 7 = -a*o, -5*o = 5*r. What is the units digit of r?
3
Let b = 364 + -240. Suppose -5*j = -b - 51. What is the units digit of j?
5
Let j(r) = r**3 + r**2 + 9*r - 12. What is the hundreds digit of j(5)?
1
Suppose -2*f + f + 16 = 0. Let x = f + 18. What is the units digit of x?
4
Suppose 16 = -6*c + 2*c, 2*l - 88 = 2*c. Suppose 55 = 5*f - l. Let q = f - 13. What is the units digit of q?
6
Let x = -29 + 70. What is the tens digit of x?
4
What is the units digit of (5 - 3 - 3)*-10?
0
What is the tens digit of (-99)/6*(-48)/18?
4
Let r(t) be the first derivative of 3*t**2/2 + 13*t - 7. What is the units digit of r(9)?
0
Suppose 0 + 4 = -4*s. Suppose 0 = 4*w - 3*w - 12*w. What is the units digit of (-7 + (2 - w))/s?
5
Let i(r) = r**2 - r + 3. Let h(n) = n**3 - 3*n**2 + n - 1. Let p be h(2). What is the tens digit of i(p)?
1
Let u = 41 - -2. Suppose -3*k - 3*y = -6, -3 = 2*k - y - 16. Suppose 3*s + c = 15 + 2, -k*s + 2*c + u = 0. What is the units digit of s?
7
Let i(s) = -s**3 - s**2 - s + 7. Suppose 5*m = m. What is the units digit of i(m)?
7
Let o(s) = s**2 - s - 4. Let l be o(3). Suppose t - 3*z = 20, 2*t - 5 = -l*t - 3*z. Suppose 9 + t = 2*f. What is the units digit of f?
7
Let o = -16 - -21. Suppose 104 = o*q + 3*z, -56 = 2*q - 5*q - 5*z. What is the units digit of q?
2
Suppose -5*u + f - 20 = 6*f, -3*u - f - 12 = 0. Let h = 10 + u. What is the units digit of h?
6
Suppose 2*l - 186 = 104. What is the hundreds digit of l?
1
Suppose 4*a - 5*a = -63. What is the tens digit of a?
6
Let o be 2/(-2*1/10). What is the units digit of (76/(-6))/(o/15)?
9
Suppose 15 = -5*w, -3*t + 0*w - w - 3 = 0. Suppose 0 = -t*k + k + 6. What is the units digit of -2 + (-3)/2*k?
7
Let g = 0 - -2. Suppose g*h - 18 = -h. Let c = h + -5. What is the units digit of c?
1
Let w(r) = -r**2 - 6 + 0*r**2 + 2*r - 3*r + r**3. Let h be w(0). What is the units digit of ((-18)/(-3))/((-4)/h)?
9
Let v be (-2 - 1*-2)/1. Let j(z) = 4*z**2 + z**3 + 1 - 5*z**2 + v*z**3 + z. What is the units digit of j(2)?
7
Suppose -5*q + 21 = -414. Let c be q/(-27) - 2/(-9). Let k(u) = -2*u + 2. What is the units digit of k(c)?
8
Let c = 57 - 98. Let m = 20 + c. Let y = m + 38. What is the tens digit of y?
1
Suppose 4*a = 5*y - 48, 0*y + y - 12 = 2*a. Let t = 9 - y. What is the units digit of t?
1
Suppose 0 = 5*u + 30 + 80. Suppose 8*b = 5*b - 3. What is the units digit of u/(-4) + b/(-2)?
6
Let b(t) = t**2 - t + 8. What is the tens digit of b(5)?
2
Let x(p) = -34*p - 5. What is the tens digit of x(-9)?
0
Let a(w) = -2*w - 4. Suppose 3 = t - 8. Suppose 3*n + t = -7. What is the units digit of a(n)?
8
Suppose -7*t + 110 = -2*t. What is the tens digit of t?
2
What is the units digit of 5 + 3/((-15)/(-1085))?
2
Let r(j) = -j**3 - 4*j**2 